pose 2*b + 5*g + 117 = c*b, 5*g + 244 = 2*b. What are the prime factors of b?
127
Suppose 0*m = 2*m - 2098. Suppose -153 + m = 4*x. List the prime factors of x.
2, 7
List the prime factors of ((-6)/7)/(-2*7/499604).
2, 3, 2549
Suppose -14*y = -9*y - 25. Suppose -4*t - d = 946 + 336, y*t + d = -1603. Let b = t + 466. List the prime factors of b.
5, 29
Suppose -2*d + 4*d + y = 585, -5*d + 1425 = -5*y. Suppose -q = -2*l - d, l + 1441 = -9*q + 14*q. List the prime factors of q.
2, 3
Let i be (-2 - 3)*-1*1. Let w be 86/18 - (-1 + 49/63). Suppose -w*b = -i*h - 650, -2*b + h = 2*b - 529. What are the prime factors of b?
7, 19
Let c = 9 + -78. Let d = -59 - c. Suppose 13*k - 273 = d*k. What are the prime factors of k?
7, 13
Let s = 1450 - 690. Suppose -204 = 2*j - s. List the prime factors of j.
2, 139
Let a be ((-8)/(-4))/(-8)*-4*11. Suppose -5 = -4*u + a. Suppose u*v - 72 = 4*y, 0*v + 3*v - 52 = y. List the prime factors of v.
17
Let w be (-40)/(-18) - 4/18. What are the prime factors of (-180)/30 + 2766/(w - 0)?
3, 17
Suppose 0*i + i - 69 = 0. Let f = -73 + i. What are the prime factors of (7/f)/((-4410)/(-552) - 8)?
7, 23
Suppose 5*r + 2088 = 2*g, r = -3*g + 4*g - 1044. Let i(f) = 17*f**2 - 27*f + 9. Let m be i(5). Suppose g = 5*d + m. What are the prime factors of d?
149
Suppose 360*z = 376*z - 355232. List the prime factors of z.
2, 17, 653
Let f = 50 - 59. Let r be 5 - 3/1*f/(-9). Suppose 4*c = -4*b + 356, -r*b = -4*b + 4*c + 166. What are the prime factors of b?
3, 29
Suppose 1519 = 7*w - 39*d + 36*d, 0 = 2*w - 4*d - 412. What are the prime factors of w?
2, 5, 11
Let s(v) be the second derivative of v**4/12 + 35*v**2/2 - 31*v. List the prime factors of s(16).
3, 97
Let o = -2009 + 3389. Suppose -o = -10*s + 7*s. Suppose 11*t - s = t. What are the prime factors of t?
2, 23
Let s(a) = a**3 - a**2 - 2*a + 432. Let z(x) = x**2 + 8*x + 7. Let i be z(-7). List the prime factors of s(i).
2, 3
Suppose -2*y - 8260 = -4*t, 4*y - 6*y - 2071 = -t. What are the prime factors of t?
2063
Suppose 240*d - 281*d = -308074. What are the prime factors of d?
2, 13, 17
Let c(u) = 2*u**2 + 11*u + 28. Let k be c(-3). List the prime factors of 362 - -1 - (8 + k + -21).
3, 11
Let t be (333/(-6))/((2/1)/(-36)). Let n = t + -500. List the prime factors of n.
499
Suppose 3*n + 2*c + 6 = 0, -2*c + 0 = -n + 6. Suppose f = -2*b + 344, n*f - 3*f = 6. What are the prime factors of b?
173
Suppose 5 = -2*f + 11. Suppose 0 = -5*o + 2*t + 26, -4*t + 13 = 4*o - 3*t. Suppose -f*u = -o*u + 3. List the prime factors of u.
3
List the prime factors of (4*((-28)/(-294) + 100514/(-84)))/(-2).
2393
Suppose 51820 = -507*i + 508*i + 4*y, -27 = 3*y. What are the prime factors of i?
2, 7, 463
Let w(d) = 5*d**2 - 9*d - 146. Let g be w(24). Suppose 0*x - 1888 = -3*x - a, -4*x = 2*a - g. What are the prime factors of x?
17, 37
Let t = -5822 + 16846. What are the prime factors of t?
2, 13, 53
Let q(j) = j**3 + 15*j**2 + 6*j - 263. Let v be q(-13). Suppose h + 4*h = 265. Let i = h + v. What are the prime factors of i?
2, 5
Let x = -14 - -14. Let y(g) = 223*g - 404. Let w be y(5). Suppose 9*z + x*z = w. What are the prime factors of z?
79
Let t be 2/3 - 1390/(-3). Let b be 12/(-3)*-1 - 4*67. Let k = b + t. List the prime factors of k.
2, 5
Suppose 1831503 + 3226551 = 158*v. What are the prime factors of v?
3, 3557
Let w = 6559 + 2313. What are the prime factors of w?
2, 1109
Let r(q) = 305*q**2 + 109*q - 701. List the prime factors of r(7).
43, 349
Suppose -3*f = -2*y + 19, 0 = -5*y - 3*f + 7 + 9. Suppose 12 = -z + 4*b - 22, -y*z + 4*b = 186. Let w = z - -72. What are the prime factors of w?
2, 17
Suppose -3*m - 364 = -c, 3*c - 1128 = 4*m - 7*m. Suppose 501 = 4*d - 5*l, 4*l - c = -3*d + 5*l. What are the prime factors of d?
2, 31
Let t be (-168)/66 - -2 - 1930/11. Let z = t + 313. What are the prime factors of z?
137
Suppose 62 = -25*h + 162. Suppose 0 = 5*x + h*w - 1816, 0*x = 2*x + 4*w - 736. List the prime factors of x.
2, 3, 5
Let b(u) = u**2 - 9*u + 19. Let g be b(6). Suppose 3*k - 2*k + v = -g, 10 = 2*k - v. Suppose 5*r - 26 = -2*m + r, 54 = k*m + r. List the prime factors of m.
19
Suppose -5*q + 64 = -a, -q - 11 = a + 35. Let r be 3108/a + (-4)/7. Let n = 23 - r. What are the prime factors of n?
3, 29
Suppose 0 = 4*z + 1498 - 1510. List the prime factors of (6/5)/z*(1190 + 5).
2, 239
Suppose 5*r - r - 22094 = 2*u, 4*r + 7*u = 22049. List the prime factors of r.
5521
Let g = 45404 + -8090. What are the prime factors of g?
2, 3, 691
Suppose -54*h = -102964 - 329954. What are the prime factors of h?
8017
Let f = -763 + 4522. List the prime factors of f.
3, 7, 179
Let d(b) = b**3 + 57*b**2 + 281*b - 64. List the prime factors of d(-44).
2, 5, 7, 13
Let x(l) = 22*l**2 + 14*l + 65. Suppose -8*d - 10 = -6*d. What are the prime factors of x(d)?
5, 109
Suppose 8 = 4*m, -m = -4*y - 0*m + 418. Let r = 175 + y. List the prime factors of r.
2, 5, 7
Let x be ((-45)/6)/((-1)/6). Suppose x = 3*a - 2*a. Let k = a - 37. List the prime factors of k.
2
Let l = -1425 - -568. Let x = l - -1605. List the prime factors of x.
2, 11, 17
Suppose 4*c + 6*t = 3*t, 2*t = 0. Suppose -2*x + 5*v = -c*x - 13, 0 = -4*x - 4*v + 96. Suppose -9*d = -x*d + 820. List the prime factors of d.
2, 41
Suppose 0 = -23*j + 18*j + 2860. Let c = -1755 + j. List the prime factors of 104/(-40) - -3 - c/5.
3, 79
Let w(g) = 5*g - 6*g + 0*g - 4 - 8. Let z be w(3). What are the prime factors of z/(-1) - (2 - (-1 - -2))?
2, 7
Let k(s) = -8*s - 2. Let t be k(8). Let g(q) = 13*q**2 - 7*q + 27. Let w be g(4). Let v = t + w. What are the prime factors of v?
3, 47
Let z be 4/3 + 2752/6. Suppose z = 9*y - 467. What are the prime factors of y?
103
Let k = 17732 + -12495. What are the prime factors of k?
5237
Suppose 2*x + 8 = 0, 0 = -3*n - 9*x + 4*x - 92. List the prime factors of n/((9/(-21))/((-100)/(-14))).
2, 5
Suppose -5*l = -5*m + 180, -2*l - 2*l - 5*m - 180 = 0. Let j = -35 - l. Suppose 9*u - 800 = j*u. What are the prime factors of u?
2, 5
Let y = -43 - -45. Suppose -w - 23 = 5*j, -y*w + 6*w + j - 3 = 0. Suppose w*z - 132 = z. What are the prime factors of z?
2, 3, 11
Suppose -p = -x + 62776, -2*x + 48852 = 5*p - 76679. What are the prime factors of x?
62773
Suppose 6*h - 4 = 4*h. Suppose 2*k + v - 5*v - h = 0, 0 = -v. Let z(f) = 106*f**2 + 4*f - 3. What are the prime factors of z(k)?
107
Let i(o) = -o**3 - 4*o**2 - 4*o - 11. Let z be i(-4). Suppose 2*k = -z*c + 2734, 4*c = 4*k + 5*c - 5504. What are the prime factors of k?
3, 17
Let f = -44647 + 116424. List the prime factors of f.
71777
Suppose -2*p + 4*g = -p - 2, -2*p + 2*g + 4 = 0. Suppose p*d - 2*v = -0*v + 1726, d + 5*v = 845. What are the prime factors of d?
2, 5, 43
Suppose -36*a + 406321 = 12*s - 31*a, 2*a - 33849 = -s. What are the prime factors of s?
33863
Let y be (3 + -11 - 4)*(-5)/15. Suppose 14*a + y*a - 3618 = 0. What are the prime factors of a?
3, 67
Suppose 1972 = 17*i - 6987. Let q = -307 + i. What are the prime factors of q?
2, 5, 11
Let z(s) = s**2 + 2*s - 4. Let a be z(2). Let t(j) = 43*j**2 + 17*j - 41. What are the prime factors of t(a)?
5, 11, 13
Let g(z) be the third derivative of z**5/10 + 47*z**4/8 + 7*z**3/3 + 2*z**2 - 11*z. List the prime factors of g(-27).
7, 83
Let b = 1655 + -2621. Let m = b - -1579. What are the prime factors of m?
613
Suppose -16 = 4*b, 9262 = 3*u - 26*b + 31*b. What are the prime factors of u?
2, 7, 13, 17
What are the prime factors of (-983)/((-2630)/290 + 9)*(1 + 1)?
29, 983
List the prime factors of 52/364 - ((-3996)/7 - -2).
569
Let t = -252 - -248. What are the prime factors of t + 10 + -5 - -642?
643
Suppose 7 = 4*i + 3*i. Let x = 2 + i. Suppose 4*q - 4*f = 256, 134 = 2*q + x*f - 19. What are the prime factors of q?
3, 23
Let u(z) = -2*z**2 + 57*z + 116. Let h be u(-2). Let m(l) = -11*l + 0 - l**2 + l - 13. What are the prime factors of m(h)?
11
Suppose 152*s = 115*s + 660117. What are the prime factors of s?
3, 19, 313
Let i(c) be the first derivative of 23*c**4/4 + 4*c**3/3 - 3*c**2/2 + 12*c - 155. List the prime factors of i(3).
2, 3, 5, 11
Suppose 5*r + 3*c = 342869, -79*c - 68593 = -r - 82*c. List the prime factors of r.
191, 359
Suppose 21*c = 25*c + 2920. Let y be (c/15)/((-4)/54). Suppose -g = l - 129, 5*l - y = -0*l - g. Wh